{"id":176,"date":"2024-04-28T10:22:47","date_gmt":"2024-04-28T10:22:47","guid":{"rendered":"http:\/\/handball.xn--ek-hfingen-hcb.de\/?page_id=176"},"modified":"2025-10-08T19:43:37","modified_gmt":"2025-10-08T19:43:37","slug":"aktuelles","status":"publish","type":"page","link":"https:\/\/ek-h\u00f6fingen.de\/ueber-uns\/?page_id=176","title":{"rendered":"Aktuelles und Termine"},"content":{"rendered":"\n<p class=\"o-typing-delay-100ms has-background\" style=\"background:linear-gradient(90deg,rgb(238,238,238) 0%,rgb(169,184,195) 100%);font-size:30px\"><a href=\"https:\/\/eichenkreuzliga.de\/index\/export\/sport\/handball\/mode\/gamesheet-club\/\"><strong><o-anim-typing>Runde 2025\/26<\/o-anim-typing><\/strong><\/a><\/p>\n\n\n\n<p>Die neue Saison der <a href=\"https:\/\/eichenkreuzliga.de\/index\/export\/sport\/handball\/mode\/gamesheet-club\/\" data-type=\"link\" data-id=\"https:\/\/eichenkreuzliga.de\/index\/export\/sport\/handball\/mode\/gamesheet-club\/\" target=\"_blank\" rel=\"noreferrer noopener\">EJW-Handballrunde hat begonnen<\/a>. Hier k\u00f6nnt Ihr euch den kompletten Spielplan aller H\u00f6finger Mannschaften f\u00fcr euren Kalender herunterladen:<\/p>\n\n\n\n<div class=\"wp-block-file\"><a id=\"wp-block-file--media-33f8da92-3e56-4d55-bc62-7e758f79414c\" href=\"https:\/\/xn--ek-hfingen-hcb.de\/wp-content\/uploads\/2024\/09\/iCal_events_1727366083.ics\">iCal_events_1727366083<\/a><a href=\"https:\/\/xn--ek-hfingen-hcb.de\/wp-content\/uploads\/2024\/09\/iCal_events_1727366083.ics\" class=\"wp-block-file__button wp-element-button\" download aria-describedby=\"wp-block-file--media-33f8da92-3e56-4d55-bc62-7e758f79414c\">Herunterladen<\/a><\/div>\n\n\n\n<h2 class=\"wp-block-heading has-medium-font-size\"><strong>Aktuelle Berichte zu den Spieltagen auch hier auf <a href=\"https:\/\/www.nussbaum.de\/entdecken\/profile\/ek-hoefingen-handball-e-v-137515\">nussbaum.de<\/a><\/strong><\/h2>\n\n\n\n<figure class=\"wp-block-image size-full is-resized\"><a href=\"https:\/\/www.nussbaum.de\/entdecken\/profile\/ek-hoefingen-handball-e-v-137515\" target=\"_blank\" rel=\"noreferrer noopener\"><img decoding=\"async\" src=\"https:\/\/xn--ek-hfingen-hcb.de\/wp-content\/uploads\/2024\/11\/nussbaum-logo-1867d5.svg\" alt=\"\" class=\"wp-image-597\" style=\"width:99px;height:auto\"\/><\/a><\/figure>\n\n\n\n<hr class=\"wp-block-separator has-text-color has-background-color-color has-alpha-channel-opacity has-background-color-background-color has-background is-style-wide\"\/>\n\n\n\n<p style=\"font-size:22px\"><strong>Landesliga-Heimspiel in der Strohg\u00e4uhalle gegen K\u00f6ngen<\/strong><\/p>\n\n\n\n<p>Am Samstag, den 09.11.2024, treffen unsere Herren in der belle Etage des EJW, der Landesliga, auf den EK K\u00f6ngen &#8211; der W\u00fcrttembergmeister von 2022 kommt mit einem Drittligaspieler des regul\u00e4ren Verbandes (DHB) verst\u00e4rkt zu uns. Unsere durch Kindersegen stark dezimierte Mannschaft wird trotzdem alles geben und w\u00fcrde sich \u00fcber zahlreiche Unterst\u00fctzung beim Spiel ab 17 Uhr freuen.<\/p>\n\n\n\n<p>Spielort ist die&nbsp;Strohg\u00e4uhalle in der Sonnenstr.9 in 71229 H\u00f6fingen.<\/p>\n\n\n\n<p><\/p>\n\n\n\n<hr class=\"wp-block-separator has-text-color has-background-color-color has-alpha-channel-opacity has-background-color-background-color has-background is-style-wide\"\/>\n\n\n\n<div id=\"wp-block-themeisle-blocks-advanced-columns-ace029ad\" class=\"wp-block-themeisle-blocks-advanced-columns has-1-columns has-desktop-equal-layout has-tablet-equal-layout has-mobile-equal-layout has-vertical-unset\"><div class=\"wp-block-themeisle-blocks-advanced-columns-overlay\"><\/div><div class=\"innerblocks-wrap\">\n<div id=\"wp-block-themeisle-blocks-advanced-column-f6e14732\" class=\"wp-block-themeisle-blocks-advanced-column\">\n<h2 class=\"wp-block-heading\" style=\"font-size:22px\"><strong>E-Jugend dominiert Saisonauftakt<\/strong><\/h2>\n\n\n\n<p>Beim tollen Start unserer zwei E-Jugendmannschaften am 20.10.2024 in Kusterdingen kassierten wir in vier Spielen gerade mal ein Gegentor, wohingegen unsere Kinder ein wahres Torspektakel darboten.<\/p>\n\n\n\n<p>Unsere beiden Teams sind dabei nach Alter aufgeteilt. In Team I spielen Kinder aus dem \u00e4lteren Jahrgang, in Team II Kinder, die erst seit Kurzem Handball spielen oder aus den Minis aufger\u00fcckt sind.<\/p>\n\n\n\n<p>Gleich im ersten Spiel konnte sich unsere zweite Mannschaft gegen Kusterdingen\/Hagelloch II mit 13:1 durchsetzen. Es folgten weitere dominante Siege der ersten Mannschaft mit 28:0 und der zweiten Mannschaft mit 20:0 gegen Kusterdingen\/Hagelloch I. Abschlie\u00dfend freute sich Team I noch \u00fcber ein 20:0 gegen Kusterdingen\/Hagelloch II.<\/p>\n\n\n\n<p>Herzlichen Gl\u00fcckwunsch!!<\/p>\n\n\n\n<p>Tabellenauszug vom 2.11.2024:<\/p>\n\n\n\n<figure class=\"wp-block-image size-full\"><img loading=\"lazy\" decoding=\"async\" width=\"825\" height=\"280\" src=\"https:\/\/xn--ek-hfingen-hcb.de\/wp-content\/uploads\/2024\/11\/image-1.png\" alt=\"\" class=\"wp-image-568\" srcset=\"https:\/\/xn--ek-hfingen-hcb.de\/wp-content\/uploads\/2024\/11\/image-1.png 825w, https:\/\/xn--ek-hfingen-hcb.de\/wp-content\/uploads\/2024\/11\/image-1-300x102.png 300w, https:\/\/xn--ek-hfingen-hcb.de\/wp-content\/uploads\/2024\/11\/image-1-768x261.png 768w\" sizes=\"auto, (max-width: 825px) 100vw, 825px\" \/><\/figure>\n\n\n\n<p><\/p>\n\n\n\n<p>Von: Silke Steingrube<\/p>\n<\/div>\n<\/div><\/div>\n\n\n\n<hr class=\"wp-block-separator has-text-color has-background-color-color has-alpha-channel-opacity has-background-color-background-color has-background is-style-wide\" style=\"margin-top:0;margin-bottom:0\"\/>\n\n\n\n<p><\/p>\n\n\n\n<p style=\"padding-top:0;padding-bottom:0;font-size:22px\"><strong>Saisonauftakt f\u00fcr die 1. Mannschaft der Herren<\/strong><\/p>\n\n\n\n<figure class=\"wp-block-image size-large\"><img loading=\"lazy\" decoding=\"async\" width=\"1024\" height=\"434\" src=\"https:\/\/xn--ek-hfingen-hcb.de\/wp-content\/uploads\/2024\/10\/EK-vs-Flacht_10_24-1024x434.png\" alt=\"\" class=\"wp-image-545\" srcset=\"https:\/\/xn--ek-hfingen-hcb.de\/wp-content\/uploads\/2024\/10\/EK-vs-Flacht_10_24-1024x434.png 1024w, https:\/\/xn--ek-hfingen-hcb.de\/wp-content\/uploads\/2024\/10\/EK-vs-Flacht_10_24-300x127.png 300w, https:\/\/xn--ek-hfingen-hcb.de\/wp-content\/uploads\/2024\/10\/EK-vs-Flacht_10_24-768x326.png 768w, https:\/\/xn--ek-hfingen-hcb.de\/wp-content\/uploads\/2024\/10\/EK-vs-Flacht_10_24.png 1417w\" sizes=\"auto, (max-width: 1024px) 100vw, 1024px\" \/><\/figure>\n\n\n\n<p><\/p>\n\n\n\n<p><strong>31:33 Ausw\u00e4rtssieg nach zeitweilig wildem Spiel in Flacht<\/strong><\/p>\n\n\n\n<p>Obwohl auf dem Spielberichtsbogen unser erstes Spiel bis zum 6:6 ausgeglichen erscheint, war die erste Halbzeit gepr\u00e4gt durch gro\u00dfteils chaotische Offensiv- und Defensivaktionen.<\/p>\n\n\n\n<p>Fabian Otto trug mit einer gro\u00dfen Willensleistung und k\u00f6rperlicher Einsatzfreude in dieser Phase gro\u00dfen Anteil daran, dass die Flachter nicht deutlich davonzogen. Die Abwehr stand nicht richtig und zu weit vorne, ohne die Werfer des Gegners bei ihren Abschl\u00fcssen zu irritieren. Das f\u00fchrte dazu, dass unser eigentlich wirklich starker Torwart Mukesh Singh zu Beginn lediglich noch mit Fingerspitzen die B\u00e4lle ber\u00fchren, sie aber nicht am Einschlagen in unserem Tor hindern konnte.&nbsp;<\/p>\n\n\n\n<p>Dann nahmen die Flachter Fabian Otto in Manndeckung und damit aus dem Spiel. H\u00f6fingen verpasste klare Chancen durch die freistehenden Kreisl\u00e4ufern und anderen Feldspielern und geriet bis zu einem 15:12 f\u00fcr Flacht immer wieder in R\u00fcckstand.&nbsp;<\/p>\n\n\n\n<p>Spielertrainer Max Weil reagierte taktisch: Er lie\u00df immer wieder mit 2 Kreisl\u00e4ufern spielen und verlagerte gemeinsam mit Yannik Rittmann das Spiel stark auf links und das Team spielte schnell in Richtung rechter Fl\u00fcgel, was Raum f\u00fcr unseren gl\u00e4nzenden Rechtsau\u00dfen Johannes Lienert erm\u00f6glichte. Seine Treffer lie\u00dfen uns mit nur einem Tor Abstand mit 17:16 f\u00fcr Flacht in die Kabine gehen.<\/p>\n\n\n\n<p>In der Pause schwor Weil seine Mannen ein, mit einer konzentrierten und defensiveren Abwehr das Spiel zu drehen und sich nicht die 2 Punkte nehmen zu lassen. Dies funktionierte dann auch in Halbzeit zwei und Moritz Hahn im Tor zeigte einige starke Paraden, wenn die Abwehr den Gegner &#8211; jetzt wesentlich st\u00e4rker bedr\u00e4ngt &#8211; zum Wurf kommen lie\u00df. So drehte sich schnell der Spielstand auf ein 19:20 f\u00fcr unsere Jungs und H\u00f6fingen blieb bis zum Schluss in F\u00fchrung. Oftmals betrug der Vorsprung 4 Tore, am Ende konnte Flacht jedoch noch auf&nbsp; ein 31:33 verk\u00fcrzen.<\/p>\n\n\n\n<p>Auch dass Max Weil, der selbst 6 Tore erzielte, das Spiel mit 2 Kreisl\u00e4ufern lange fortsetzen lie\u00df, wurde in dieser Spielh\u00e4lfte zum Erfolgsgarant. Felix Rittmann konnte sein Trefferkonto aus Halbzeit eins auf 9 Tore aufstocken und Weil selbst seine Tore erzielen, nachdem die Kreisl\u00e4ufer Bauer und Kull den Flachter Kreisl\u00e4ufer oftmals in der Bewegung nach Au\u00dfen sperrten.&nbsp;<\/p>\n\n\n\n<p>Mike Posselt lie\u00df in Halbzeit zwei Lienert wertvolle Minuten Luft holen und konnte 2 Treffer beisteuern und Niko Kurz verst\u00e4rkte den Kader wertvoll, damit dieser Auftaktsieg m\u00f6glich wurde.<\/p>\n\n\n\n<p>Zusammengefasst muss man noch froh sein, nach der wilden ersten H\u00e4lfte 2 Punkte auf dem Konto zu haben. Als H\u00f6finger Mannschaft muss man das klare Ziel haben, sich in den n\u00e4chsten Wochen in Abwehr und Angriff besser einzuspielen. Dies war aufgrund der vielen Vaterfreuden bisher kaum m\u00f6glich, obwohl die Saison sp\u00e4t gestartet ist. Herzlichen Gl\u00fcckwunsch allen frischgebackenen M\u00fcttern &amp; V\u00e4tern, auch wenn dies unseren Kader leider wie die Trainingsbeteiligung schrumpfen l\u00e4sst, freuen wir uns doch unheimlich, \u00fcber den gro\u00dfen Kindersegen in unseren Reihen und w\u00fcnschen allen nur das Beste!<\/p>\n\n\n\n<p><strong>F\u00fcr unseren EK H\u00f6fingen spielten:<\/strong><br>Mukesh Singh (TW), Moritz Hahn (TW),&nbsp; Gregor Klimont (TW\/verletzt), Yannik Rittmann (1), Felix Rittmann (9), Fabian Otto (8\/2), Maximilian Weil (6), Johannes Lienert (7), Robin Bauer, Michael Kull, Niko Kurz, Mike Posselt (2)<\/p>\n\n\n\n<p>Von: Michael Kull<\/p>\n\n\n\n<hr class=\"wp-block-separator has-text-color has-background-color-color has-alpha-channel-opacity has-background-color-background-color has-background is-style-wide\"\/>\n\n\n\n<p style=\"font-size:22px\"><strong>Saisonauftakt mit der m\u00e4nnlichen D-Jugend<\/strong><\/p>\n\n\n\n<p style=\"font-size:18px\">Hier die Ergebnisse <strong>des ersten Spieltags am 12.10.2024<\/strong> in der Strohg\u00e4uhalle<\/p>\n\n\n\n<figure class=\"wp-block-image size-full is-resized\"><img loading=\"lazy\" decoding=\"async\" width=\"433\" height=\"194\" src=\"https:\/\/xn--ek-hfingen-hcb.de\/wp-content\/uploads\/2024\/10\/1.-Spieltag-D-Jugend-2.png\" alt=\"\" class=\"wp-image-541\" style=\"width:623px;height:auto\" srcset=\"https:\/\/xn--ek-hfingen-hcb.de\/wp-content\/uploads\/2024\/10\/1.-Spieltag-D-Jugend-2.png 433w, https:\/\/xn--ek-hfingen-hcb.de\/wp-content\/uploads\/2024\/10\/1.-Spieltag-D-Jugend-2-300x134.png 300w\" sizes=\"auto, (max-width: 433px) 100vw, 433px\" \/><\/figure>\n\n\n\n<p>Von: Michael Kull<\/p>\n\n\n\n<hr class=\"wp-block-separator has-text-color has-background-color-color has-alpha-channel-opacity has-background-color-background-color has-background is-style-wide\"\/>\n\n\n\n<p><\/p>\n\n\n\n<p style=\"font-size:30px\"><strong>Ehemalige Runden<\/strong><\/p>\n\n\n\n<p><a href=\"https:\/\/ek-h\u00f6fingen.de\/ueber-uns\/?page_id=578\" data-type=\"page\" data-id=\"578\">Saison 2023\/24<\/a><\/p>\n\n\n\n<p style=\"font-size:22px\"><\/p>\n\n\n\n<p><\/p>\n\n\n<div class=\"wp-block-post-date\"><time datetime=\"2024-04-28T10:22:47+00:00\">April 28, 2024<\/time><\/div>\n\n<div class=\"wp-block-post-author\"><div class=\"wp-block-post-author__avatar\"><img decoding=\"async\" src=\"https:\/\/xn--ek-hfingen-hcb.de\/wp-content\/plugins\/ultimate-member\/assets\/img\/default_avatar.jpg\" class=\"gravatar avatar avatar-48 um-avatar um-avatar-default\" width=\"48\" height=\"48\" alt=\"Michael KULL\" data-default=\"https:\/\/xn--ek-hfingen-hcb.de\/wp-content\/plugins\/ultimate-member\/assets\/img\/default_avatar.jpg\" onerror=\"if ( ! this.getAttribute('data-load-error') ){ this.setAttribute('data-load-error', '1');this.setAttribute('src', this.getAttribute('data-default'));}\" loading=\"lazy\" \/><\/div><div class=\"wp-block-post-author__content\"><p class=\"wp-block-post-author__name\">Michael KULL<\/p><\/div><\/div>\n\n\n<p><\/p>\n","protected":false},"excerpt":{"rendered":"<p>Runde 2025\/26 Die neue Saison der EJW-Handballrunde hat begonnen. Hier k\u00f6nnt Ihr euch den kompletten Spielplan aller H\u00f6finger Mannschaften f\u00fcr euren Kalender herunterladen: Aktuelle Berichte zu den Spieltagen auch hier auf nussbaum.de Landesliga-Heimspiel in der Strohg\u00e4uhalle gegen K\u00f6ngen Am Samstag, den 09.11.2024, treffen unsere Herren in der belle Etage des [&hellip;]<\/p>\n","protected":false},"author":3,"featured_media":0,"parent":0,"menu_order":0,"comment_status":"closed","ping_status":"closed","template":"","meta":{"_themeisle_gutenberg_block_has_review":false,"footnotes":""},"class_list":["post-176","page","type-page","status-publish","hentry"],"_links":{"self":[{"href":"https:\/\/ek-h\u00f6fingen.de\/ueber-uns\/index.php?rest_route=\/wp\/v2\/pages\/176","targetHints":{"allow":["GET"]}}],"collection":[{"href":"https:\/\/ek-h\u00f6fingen.de\/ueber-uns\/index.php?rest_route=\/wp\/v2\/pages"}],"about":[{"href":"https:\/\/ek-h\u00f6fingen.de\/ueber-uns\/index.php?rest_route=\/wp\/v2\/types\/page"}],"author":[{"embeddable":true,"href":"https:\/\/ek-h\u00f6fingen.de\/ueber-uns\/index.php?rest_route=\/wp\/v2\/users\/3"}],"replies":[{"embeddable":true,"href":"https:\/\/ek-h\u00f6fingen.de\/ueber-uns\/index.php?rest_route=%2Fwp%2Fv2%2Fcomments&post=176"}],"version-history":[{"count":73,"href":"https:\/\/ek-h\u00f6fingen.de\/ueber-uns\/index.php?rest_route=\/wp\/v2\/pages\/176\/revisions"}],"predecessor-version":[{"id":612,"href":"https:\/\/ek-h\u00f6fingen.de\/ueber-uns\/index.php?rest_route=\/wp\/v2\/pages\/176\/revisions\/612"}],"wp:attachment":[{"href":"https:\/\/ek-h\u00f6fingen.de\/ueber-uns\/index.php?rest_route=%2Fwp%2Fv2%2Fmedia&parent=176"}],"curies":[{"name":"wp","href":"https:\/\/api.w.org\/{rel}","templated":true}]}}