{"id":578,"date":"2024-11-02T16:05:46","date_gmt":"2024-11-02T16:05:46","guid":{"rendered":"https:\/\/ek-h\u00f6fingen.de\/ueber-uns\/?page_id=578"},"modified":"2024-11-02T16:12:33","modified_gmt":"2024-11-02T16:12:33","slug":"saison-2023-24","status":"publish","type":"page","link":"https:\/\/ek-h\u00f6fingen.de\/ueber-uns\/?page_id=578","title":{"rendered":"Saison 2023\/24"},"content":{"rendered":"\n<p style=\"font-size:22px\"><strong>EK H\u00f6fingen ist W\u00fcrttembergischer E-Jugend-Meister 2023\/2024!!!<\/strong><\/p>\n\n\n\n<p style=\"font-size:22px\"><\/p>\n\n\n\n<figure class=\"wp-block-image size-full is-resized\"><img loading=\"lazy\" decoding=\"async\" width=\"1600\" height=\"1200\" src=\"https:\/\/xn--ek-hfingen-hcb.de\/wp-content\/uploads\/2024\/09\/E-Jugend-Meister_2.jpg\" alt=\"\" class=\"wp-image-440\" style=\"width:840px;height:auto\" srcset=\"https:\/\/xn--ek-hfingen-hcb.de\/wp-content\/uploads\/2024\/09\/E-Jugend-Meister_2.jpg 1600w, https:\/\/xn--ek-hfingen-hcb.de\/wp-content\/uploads\/2024\/09\/E-Jugend-Meister_2-300x225.jpg 300w, https:\/\/xn--ek-hfingen-hcb.de\/wp-content\/uploads\/2024\/09\/E-Jugend-Meister_2-1024x768.jpg 1024w, https:\/\/xn--ek-hfingen-hcb.de\/wp-content\/uploads\/2024\/09\/E-Jugend-Meister_2-768x576.jpg 768w, https:\/\/xn--ek-hfingen-hcb.de\/wp-content\/uploads\/2024\/09\/E-Jugend-Meister_2-1536x1152.jpg 1536w\" sizes=\"auto, (max-width: 1600px) 100vw, 1600px\" \/><figcaption class=\"wp-element-caption\">Screenshot<\/figcaption><\/figure>\n\n\n\n<p><\/p>\n\n\n\n<p>Anfang der Saison trauten wir unseren Augen nicht \u2013 \u201eJa, wir k\u00f6nnen auch gewinnen!\u201c<br>Dass das bis zum Ende so weitergehen w\u00fcrde, h\u00e4tte kaum jemand im Vorfeld gedacht. Und nun ist es amtlich! Unsere gemischte E-Jugend ist W\u00fcrttembergischer Meister in der Wertung der m\u00e4nnlichen E-Jugend. Die Staffel bestand aus 14 Mannschaften aus ganz W\u00fcrttemberg.<br>Im Final-Four-Turnier am 14.4. schlugen wir die Konkurrenten aus Enzweihingen (10:6) und M\u00fcnchingen (9:4) deutlich und durften verdient auf das Siegerpodest klettern. Neben einer ph\u00e4nomenalen Mannschaftsleistung sind zwei Spieler besonders hervorzuheben. In das All-Stars-Team wurde unser Torwart Noah Yazici, sowie unsere unerm\u00fcdliche K\u00e4mpferin Elisa Garcia Helmke als einziges M\u00e4dchen gew\u00e4hlt. Herzlichen Gl\u00fcckwunsch! Wir gratulieren aber dem gesamten Team und bedanken uns vor allem bei denjenigen, die die Spiele gen\u00fcgsam von der Bank aus anfeuern mussten und bei den vielen Eltern, die mithilfe ihrer Stimme zum Erfolg beitrugen.<br>Ein weiterer Dank geht an M\u00fcnchingen f\u00fcr eine perfekte Organisation des Abschlussturniers.<br><br><strong>Beim Finalspieltag dabei waren:&nbsp;<\/strong><br>Lukas Steingrube, Finja Steingrube, Jacob Podschaske, Matthias Kuhner, Julia Karasek, Saskia Knoll, Elisa Garcia Helmke, Leon Strobel, Jonas Kunz, Jonas Maier, Noah Yazici, Elias Yazici, Valerie Berking, Aaron Warstat<br><br>Es fehlten: Julius A., Charlotte Bulach, Benjamin Offele<br><\/p>\n\n\n\n<p>Von: Silke Steingrube&nbsp;und Thomas Teis<\/p>\n\n\n\n<hr class=\"wp-block-separator has-text-color has-background-color-color has-alpha-channel-opacity has-background-color-background-color has-background is-style-wide\"\/>\n\n\n\n<p style=\"font-size:22px\"><strong>E-Jugend dominiert Heimspieltag in H\u00f6fingen<\/strong><\/p>\n\n\n\n<figure class=\"wp-block-image size-large\"><img loading=\"lazy\" decoding=\"async\" width=\"1024\" height=\"627\" src=\"https:\/\/xn--ek-hfingen-hcb.de\/wp-content\/uploads\/2024\/04\/E-Jugend-2024-1024x627.jpg\" alt=\"\" class=\"wp-image-122\" srcset=\"https:\/\/xn--ek-hfingen-hcb.de\/wp-content\/uploads\/2024\/04\/E-Jugend-2024-1024x627.jpg 1024w, https:\/\/xn--ek-hfingen-hcb.de\/wp-content\/uploads\/2024\/04\/E-Jugend-2024-300x184.jpg 300w, https:\/\/xn--ek-hfingen-hcb.de\/wp-content\/uploads\/2024\/04\/E-Jugend-2024-768x470.jpg 768w, https:\/\/xn--ek-hfingen-hcb.de\/wp-content\/uploads\/2024\/04\/E-Jugend-2024-1536x941.jpg 1536w, https:\/\/xn--ek-hfingen-hcb.de\/wp-content\/uploads\/2024\/04\/E-Jugend-2024-2048x1254.jpg 2048w\" sizes=\"auto, (max-width: 1024px) 100vw, 1024px\" \/><\/figure>\n\n\n\n<p>Am Samstag, den 2.3., fand das letzte Ligaspiel unserer gemischten E-Jugend in der Handball-Eichenkreuzliga in der Strohg\u00e4uhalle in H\u00f6fingen statt. Neue Trikots und Klatschpappen f\u00fcr die Fans spornten unser Team an. Drei Spiele \u2013 drei Siege! Wir traten mit neun Jungen und f\u00fcnf M\u00e4dchen an.<\/p>\n\n\n\n<p>Aktuell stehen wir auf Tabellenplatz zwei von 14 Mannschaften. Damit ist die Teilnahme am \u201eFinal Four\u201c-Turnier am 14. April in Korntal gesichert.<\/p>\n\n\n\n<p>Im ersten Spiel gegen M\u00f6glingen wurde eine fr\u00fche 4:0 F\u00fchrung fast noch vergeben. Dennoch konnten wir das Spiel mit viel Kampfgeist mit 6:5 f\u00fcr uns entscheiden. Das zweite Spiel war dann das Wichtigste im Kampf um Tabellenplatz zwei bis vier. Als Tabellendritter traten wir gegen den Tabellenvierten an und es ging k\u00f6rperlich gut zur Sache. Trotz einiger Blessuren gewannen wir auch dieses Spiel knapp mit 6:5. Das abschlie\u00dfende Spiel gegen M\u00f6ssingen lief dann sehr rund und wir konnten die tolle Saisonleistung mit einem deutlichen 11:3 Sieg unterstreichen.<\/p>\n\n\n\n<p>Auf Platz Vier der Tabelle steht aktuell unsere sehr junge weibliche D-Jugend, welche immer auf gute Unterst\u00fctzung aus der E-Jugend setzt. Vier Spiele liegen noch vor uns. Beim letzten Ligaspieltag am 20.4. in der Strohg\u00e4uhalle freuen wir uns ab 13 Uhr \u00fcber viele H\u00f6finger, die unser Team mit den neuen Klatschpappen anfeuern. Auch hier stehen die Chancen auf eine Teilnahme am Finalturnier am 27.4. in Kusterdingen gut.<\/p>\n\n\n\n<p>Der E-Jugend gratulieren wir zum tollen Saisonerfolg und danken allen Helfern, die unsere Heimspieltage begleiten und die Kinder auch zu Spielen s\u00fcdlich von T\u00fcbingen fahren!<\/p>\n\n\n\n<p>Als Belohnung darf sich unsere E-Jugend freuen, die Mannschaft der Herren in der 2. Bundesliga in Bietigheim-Bissingen als Einlaufkinder zu begleiten. Die D-Jugend besucht den Tabellenf\u00fchrer der 1. Bundesliga der Damen, ebenfalls in Bietigheim.<\/p>\n\n\n\n<p>Von: Thomas Teis, Reinhardt Krafft und Silke Steingrube<\/p>\n","protected":false},"excerpt":{"rendered":"<p>EK H\u00f6fingen ist W\u00fcrttembergischer E-Jugend-Meister 2023\/2024!!! Anfang der Saison trauten wir unseren Augen nicht \u2013 \u201eJa, wir k\u00f6nnen auch gewinnen!\u201cDass das bis zum Ende so weitergehen w\u00fcrde, h\u00e4tte kaum jemand im Vorfeld gedacht. Und nun ist es amtlich! Unsere gemischte E-Jugend ist W\u00fcrttembergischer Meister in der Wertung der m\u00e4nnlichen E-Jugend. [&hellip;]<\/p>\n","protected":false},"author":5,"featured_media":0,"parent":0,"menu_order":0,"comment_status":"closed","ping_status":"closed","template":"","meta":{"_themeisle_gutenberg_block_has_review":false,"footnotes":""},"class_list":["post-578","page","type-page","status-publish","hentry"],"_links":{"self":[{"href":"https:\/\/ek-h\u00f6fingen.de\/ueber-uns\/index.php?rest_route=\/wp\/v2\/pages\/578","targetHints":{"allow":["GET"]}}],"collection":[{"href":"https:\/\/ek-h\u00f6fingen.de\/ueber-uns\/index.php?rest_route=\/wp\/v2\/pages"}],"about":[{"href":"https:\/\/ek-h\u00f6fingen.de\/ueber-uns\/index.php?rest_route=\/wp\/v2\/types\/page"}],"author":[{"embeddable":true,"href":"https:\/\/ek-h\u00f6fingen.de\/ueber-uns\/index.php?rest_route=\/wp\/v2\/users\/5"}],"replies":[{"embeddable":true,"href":"https:\/\/ek-h\u00f6fingen.de\/ueber-uns\/index.php?rest_route=%2Fwp%2Fv2%2Fcomments&post=578"}],"version-history":[{"count":2,"href":"https:\/\/ek-h\u00f6fingen.de\/ueber-uns\/index.php?rest_route=\/wp\/v2\/pages\/578\/revisions"}],"predecessor-version":[{"id":582,"href":"https:\/\/ek-h\u00f6fingen.de\/ueber-uns\/index.php?rest_route=\/wp\/v2\/pages\/578\/revisions\/582"}],"wp:attachment":[{"href":"https:\/\/ek-h\u00f6fingen.de\/ueber-uns\/index.php?rest_route=%2Fwp%2Fv2%2Fmedia&parent=578"}],"curies":[{"name":"wp","href":"https:\/\/api.w.org\/{rel}","templated":true}]}}